 Calculate the highest common divisor of 144 and t.
36
Suppose h = 5*b - 36, 3*h = 4*b + 6*h - 44. Calculate the greatest common divisor of 14 and b.
2
Suppose -3*l = -4*p + 93, -l = 4*p - 0*l - 81. Calculate the highest common factor of p and 3.
3
Suppose -28 = -4*x + 52. What is the greatest common divisor of x and 4?
4
Let o = 25 - 16. What is the highest common divisor of o and 99?
9
Let q be 1 - -2 - (-11 + -2). Let v = q - -10. Let t(s) = 16*s + 8. Let o be t(6). Calculate the greatest common factor of v and o.
26
Let j be (-8)/(-1 + -1) - -47. What is the highest common divisor of j and 85?
17
Let v(h) = -19*h - 74. Let k be v(-10). Calculate the greatest common divisor of 29 and k.
29
Let b(l) = -l**3 - 9*l**2 - 9*l - 7. Let r be b(-8). Let n be 3 + -3 - (r + -4). Let k be 2/(n*1/6). What is the highest common divisor of 28 and k?
4
Suppose -2*u + 133 = 3*h, 0 = u - 2*h + 7*h - 70. Let y = 1 + 4. Suppose -5 = i, 21 = -y*a + 3*i + 166. What is the highest common divisor of a and u?
13
Let v be 93 + 2 + 0 + 0. Suppose 0*c - 4*w = 2*c - 38, -5*c = -2*w - v. What is the highest common divisor of c and 19?
19
Let r be 2/(-5) - (-66)/15. Suppose 5*h = r*h + 30. Calculate the greatest common divisor of 6 and h.
6
Let o = 16 - -6. Let u be -2*((-26)/(-4) + 2). Let c = -6 - u. What is the highest common factor of c and o?
11
Suppose -2*x + 16 = g, 0 = -3*g + g - 2*x + 22. Let t(i) = -i**2 + 6*i + 1. Let q be t(g). What is the greatest common factor of q and 8?
1
Let q = -88 + 144. Let w be 1 + -1 - (8 - q). What is the highest common divisor of 6 and w?
6
Suppose -5 - 10 = -u. Let b be 6/5*50/u. Suppose b*t + 185 = 725. What is the highest common divisor of 15 and t?
15
Let a = -31 - -35. Calculate the greatest common divisor of 32 and a.
4
Suppose -2*x + 3*f = -286, -5*f - 143 = 3*x - 4*x. Let l = 30 - 17. Let p be l - 0*3/(-9). Calculate the highest common factor of x and p.
13
Suppose 336 = 6*n - 2*n. Suppose 6*k - 2 - 70 = 0. Calculate the highest common divisor of n and k.
12
Suppose 43 + 21 = 2*i. Calculate the highest common factor of i and 256.
32
Suppose 0 = -5*w - 3*q - 2, -q = 4*w + 4*q + 12. What is the highest common divisor of w and 12?
2
Let g be -1*0/(-1*3). Let b be (-3 + 2)*(g + -14). What is the highest common divisor of 35 and b?
7
Suppose -2*h + 12 = h. Suppose 0*t - 48 = -h*t. What is the highest common factor of 6 and t?
6
Let j be 7/((-28)/(-16)) + 220. What is the greatest common divisor of 32 and j?
32
Let h(n) = -n**3 + 5*n**2 - 3*n + 3. Let l(m) = -m. Let i be l(-2). Let x be h(i). What is the greatest common factor of x and 72?
9
Let v(b) = b**2 + b + 4. Let h be v(-3). Let w(t) = 2*t + 4. Let z be w(3). Calculate the highest common factor of h and z.
10
Let r(n) = -n**3 - 8*n**2 - 10*n + 16. Let c be r(-9). What is the greatest common divisor of c and 11?
11
Let r be (-184 - -2) + (-1)/1. Let q = 101 + -420. Let l = r - q. What is the greatest common factor of l and 17?
17
Suppose 0 = -2*y - 0*u + 4*u - 20, 3*y + 3*u - 6 = 0. Let a be (-12)/y*(-5 - -4). Let i be (-45)/a*(-4)/(-5). Calculate the greatest common divisor of 6 and i.
6
Let b = 55 + -45. What is the highest common divisor of b and 80?
10
Suppose -70 = -3*n - 13. Suppose 0*w = -3*w + 456. What is the greatest common factor of n and w?
19
Suppose 0 = -4*n + 8, -3*q - 5*n + 14 = -2. Calculate the highest common factor of q and 18.
2
Suppose -3 = 3*p + 2*i - 7*i, 5*p = i - 5. Let w = 1 - p. Suppose 6*v = 3*v + 2*h + 18, -v - h + 11 = 0. Calculate the greatest common divisor of v and w.
2
Let y(r) = r**2 - 6*r - 8. Let g be y(8). Let i be 2/(-4) + (-28)/g. Let c be -66*((-12)/(-9))/i. What is the highest common factor of 11 and c?
11
Suppose -b - 2*b = -18. Suppose i = -4*q + 16, -37 = -2*i - 2*q + 25. Calculate the greatest common divisor of b and i.
6
Let v = 29 + 2. What is the highest common factor of v and 248?
31
Let t be 0 + (-1)/2*0. Suppose 0 = w - 2 - t. What is the highest common divisor of w and 22?
2
Suppose 0*j + j = 0. Suppose 3*f = -4*b - 8, j = -3*f + 2*b - 3*b - 2. Suppose f = -4*c + 2*c + 78. What is the greatest common factor of 26 and c?
13
Let t = 217 + -112. Suppose -j + 105 = s, -j = 5*s - 0*s - t. What is the greatest common factor of 42 and j?
21
Let o(j) = -20*j**3 - j**2 - 3*j - 2. Let l be o(-1). Calculate the greatest common factor of l and 10.
10
Let i = -61 + 70. Calculate the highest common factor of 3 and i.
3
Suppose -3*s = -1 - 2. Let y be (-1)/s*(-8 + -10). Calculate the highest common factor of 9 and y.
9
Let k be 672/18*(-3)/(-2). Calculate the highest common divisor of k and 28.
28
Let d = 36 + 30. What is the highest common divisor of 44 and d?
22
Let q be 1*(8 + -2 - -3). What is the highest common divisor of 3 and q?
3
Let f(b) = b**3 - 3*b**2 + 5*b - 2. Let p be f(4). Let z = p - 17. Calculate the greatest common factor of z and 17.
17
Suppose 24 = 3*h + 3*q, -3*h = 2*h + 2*q - 43. Let f be (-9)/(-4)*(-16)/(-2). What is the highest common divisor of f and h?
9
Let b be (-10)/(-40) - 118/(-16)*2. What is the greatest common factor of b and 45?
15
Let l be (1/(-2))/((-1)/10). Suppose 3*s = -0*s + 3*f + 9, 3*f - 11 = -s. Suppose -4 = -s*n + 21. What is the greatest common divisor of l and n?
5
Let n = -98 + 137. What is the greatest common divisor of 3 and n?
3
Let r(n) = -27*n + 7. Let t be r(-1). What is the highest common factor of t and 17?
17
Suppose 4*a = -3*w + 2*a + 51, -2*a - 54 = -4*w. What is the greatest common factor of w and 105?
15
Let m be (-96)/(-7) + (-20)/(-70). Suppose 5*v + 2 = s, -s - 4*s = v - 10. What is the highest common divisor of m and s?
2
Suppose a = 3*r - 189, -4*r - a + 121 = -2*r. What is the greatest common divisor of r and 93?
31
Let w(q) = 3*q - 4. Let v be w(8). What is the greatest common divisor of v and 100?
20
Suppose -32 = -0*i - 4*i. Let u(s) = -s**3 - 10*s**2 - 10*s + 7. Suppose 0 = -m - 5 - 4. Let v be u(m). What is the highest common factor of i and v?
8
Suppose 0 = -4*i + 15 - 3. Suppose i*p - 2 = 10. Let z be 8*(p - 9/3). What is the highest common factor of 16 and z?
8
Let b = 276 - 144. Calculate the greatest common divisor of 12 and b.
12
Suppose v - 1 = 15. Calculate the highest common divisor of v and 2.
2
Let z(w) = w + 15. Let b be z(-12). Suppose 0 = b*y + 212 - 641. Calculate the highest common factor of y and 13.
13
Let s(d) = 4*d**3 - d**2 + d. Let c be s(2). Suppose -3*i = -0*i. Suppose i = r + 2*r - 3*j - 15, 0 = 2*j - 10. What is the greatest common factor of c and r?
10
Suppose -p = -12 + 2. Let m be (8/p)/((-4)/(-120)). Calculate the highest common factor of m and 8.
8
Suppose -10 = -0*n - 5*n. Suppose 3*f + 2*f + 115 = n*u, 140 = 3*u - f. What is the highest common factor of 15 and u?
15
Let c(b) = 18*b**2 - 2*b + 2. Let n be c(2). Let g be (-1)/(-2)*2*6. Suppose 76 = 5*f + g. What is the greatest common factor of f and n?
14
Let d be (-12)/(-8)*(-4)/(-3). Let w be 0/(-1) + 3 + d. Suppose 2*u - 42 = -4*p, 5*p = -2*u + 2*p + 44. Calculate the greatest common factor of u and w.
5
Let j(t) = t**2 + 11*t + 6. Let g be j(-12). What is the highest common divisor of g and 90?
18
Suppose -3*p + 96 = -p. Suppose -3*o + p = o. Let x = 190 + -130. What is the greatest common divisor of o and x?
12
Let p be ((-1)/3*-3)/(-1). Let d = p + 2. Let h = 3 - -8. What is the highest common divisor of d and h?
1
Suppose 5*p + 59 = -56. Let m = 63 + p. Calculate the greatest common factor of 10 and m.
10
Suppose 4*g = -l + 60, 5*l = 4*g + 398 - 98. What is the greatest common factor of 15 and l?
15
Let l(i) = -i**3 - 8*i**2 + i + 6. Let j be l(-8). Let a = -7 + j. Let h = -8 - a. Calculate the highest common divisor of h and 1.
1
Suppose 0 = -94*z + 117*z - 2990. Let h be 4/14 + (-362)/(-7). What is the greatest common factor of h and z?
26
Suppose -4*k + 9 + 7 = 0. Suppose -d - k*d = 0. Let g be (-3 - d - -6) + 11. What is the highest common factor of g and 14?
14
Suppose 63 = o - 0*o. Let p(z) = -z**3 + 5*z**2 - 4*z + 3. Let y be p(3). Calculate the greatest common factor of y and o.
9
Suppose h + 4*u = -0*u + 30, -5*h = -2*u - 128. Let t = 200 + -96. Calculate the greatest common factor of t and h.
26
Let g be (123/2 + -2)*2. Let n be 1 + 20 + 17/((-34)/8). What is th